-55944)/(-135) - t/(-5)?
1
Let d be (6/(-10))/((-573)/9550). Let a(o) = 62*o - 2. Let r be a(2). Suppose -11*w + r = -d*w. What is the hundreds digit of w?
1
Suppose 4*k = -5*x - 1077 - 630, -k + x - 429 = 0. Let y be (126/(-252) - 1/2)*-5*1. What is the units digit of (-22)/(-55) - k/y?
6
Let g be (140/(-21) - -6)*(4 + -1). Let a(t) = 69*t**2 - 6*t - 7. What is the tens digit of a(g)?
8
Let p = 18613 - 15818. What is the tens digit of p?
9
Let r be ((-241)/(-3))/((-7)/2394). What is the units digit of r/(-95) - 1/5?
9
Let m(w) = w**2 + 31*w - 7 + 19 - 68*w + 26*w. What is the units digit of m(11)?
2
Suppose -38*p - 11012 = -19970 - 120698. What is the thousands digit of p?
3
Suppose -5*x + 7*x + 109 = f, -233 = -2*f - x. What is the tens digit of f?
1
Let t(c) = -c**3 + 53*c**2 - 246*c - 9. What is the units digit of t(42)?
3
Let t(w) = 102*w**2 + 12*w - 116. What is the thousands digit of t(6)?
3
Let a(j) = -48*j - 318. Let g(v) = -97*v - 643. Let s(r) = 5*a(r) - 3*g(r). What is the tens digit of s(8)?
4
Suppose -3*b + 3111 = -2*f, -3*b - 6*f + 3111 = -11*f. Let u = 422 + b. What is the units digit of u?
9
Let a = 3037 - -5700. What is the units digit of a?
7
Suppose 5*z = 3*z + 2*v + 216, -5*z + 558 = 4*v. Suppose -61 = -u + z. What is the units digit of u?
1
What is the thousands digit of (5/20*4 + -29)/((-50)/68925)?
8
Suppose 4*z - 3*z = -q + 1, 2*z - 10 = -4*q. Suppose w - 4*n = -q*w + 4111, -4118 = -5*w - 3*n. What is the hundreds digit of w?
8
Suppose -14*t = -5*t - 259452. Let f be t/32 - (-5)/40. Suppose 12*c = 611 + f. What is the units digit of c?
6
Suppose 5*x + 5089 = q, -5*q = -11*x + 16*x - 25445. What is the hundreds digit of q?
0
Suppose 0 = -1213*y + 1235*y - 118382. What is the tens digit of y?
8
Suppose 5*g = -i + 29940, 2*g + 148*i - 152*i - 11954 = 0. What is the tens digit of g?
8
Suppose 0 = r - 32*r - 279. Let v(t) = 13*t**2 + 8*t - 17. What is the tens digit of v(r)?
6
Let i = 13 - 17. Suppose -4*t - 24 = -7*t - 3*v, -3*v = -3*t + 48. What is the tens digit of (-774)/i - (-30)/t?
9
What is the tens digit of 8/(-20) - ((-38264)/10 + -5)?
3
Let x(k) = 3*k**2 - 13*k - 12. Let r be x(-6). Suppose 3*t - 4*y - 198 = 59, 2*t - 4*y = r. What is the tens digit of t?
8
Let n(k) = -206*k**3 + 16*k**2 + 19*k + 122. What is the thousands digit of n(-7)?
1
Suppose 3*c - 614 = 5*a - 1838, 5*a - 1232 = -c. Let h = 282 + 136. Let k = h - a. What is the hundreds digit of k?
1
Let w = 16291 + -10001. What is the thousands digit of w?
6
Suppose 540*k - 504*k = 787860. What is the units digit of k?
5
Let b(d) = d - 33. Suppose 2*o - 72 = -3*g, -41 - 95 = -4*o - 4*g. Let w be b(o). What is the tens digit of 3/2*((-122)/(-6) - w)?
3
Let r be 340/(-90) + (-4)/18 - -752. Suppose -7*q + r + 407 = 0. What is the units digit of q?
5
Suppose 1 = -t - 2*l, -3*t - 2*t + 47 = -3*l. Let y = -32 - -167. Suppose 2*v + y = t*v. What is the units digit of v?
7
Suppose 19826 = 3*r - 5*l, -15*r - 26493 = -19*r - 5*l. What is the units digit of r?
7
Let x(o) = -2*o - 11. Let g be x(-15). Let p be 240 - g - (-5)/1. What is the tens digit of (3/(-4) + p/24)*6?
5
Let s(l) = 459*l + 4787. What is the ten thousands digit of s(53)?
2
Let n be (7208/(-51) - (-1)/3)/(-3). Suppose -28*x - 19931 = -n*x. What is the tens digit of x?
4
Let p(o) = 25*o - 47. Let g be p(2). Suppose 9*r + g*z = 5*r + 970, -5*r - 4*z = -1212. What is the tens digit of r?
4
Suppose -41*n + 523 = -420. Suppose -37*v + 2338 = -n*v. What is the hundreds digit of v?
1
Suppose b + 2*j - 9111 = -4*b, -5*b + 9120 = 5*j. What is the units digit of b?
1
Suppose -5*g + 66*z = 69*z - 64162, -2*z = 3*g - 38497. What is the hundreds digit of g?
8
Let w(s) = -45348*s + 26. What is the thousands digit of w(-2)?
0
Let u(c) = c + 22 - 18 - 28*c. Let x(s) = 28*s - 3. Let l(t) = 2*u(t) + 3*x(t). What is the tens digit of l(3)?
8
Let q be (3/18 - -3) + (-1)/6. Let k be (-3 + 5 - q) + (-1140)/(-3). Suppose 3*t + 5*i + 117 = k, 2*t + 2*i = 172. What is the units digit of t?
4
Let n(x) = -173*x - 7207. What is the units digit of n(-98)?
7
Suppose 144222 = 4*r - 5*i, 7718 = r - 4*i - 28332. What is the thousands digit of r?
6
Suppose 0 = -3*r + 5*r + 5*d - 451, 5*r = 4*d + 1045. Let s be (r/2)/(8*3/48). Suppose -3*g + 30 + s = 0. What is the tens digit of g?
8
Suppose 61*c = 726809 + 192949. What is the tens digit of c?
7
Let r(b) = -546*b**3 + 8*b**2 + 7*b. Let d be r(-1). Let i(n) = -5*n**2 - 4*n + 20. Let l be i(7). Let j = d + l. What is the hundreds digit of j?
2
Let v(a) be the first derivative of 173*a**2/2 + 50*a + 69. What is the units digit of v(3)?
9
Let s(f) = 4*f**3 - f. Let n be s(-1). Let p(w) = 4*w**2 - 369*w + 1115. Let z be p(3). What is the tens digit of z - (n + (6 - (0 + 3)))?
4
Let s(z) = 97*z - 1488. What is the tens digit of s(97)?
2
Suppose -k + 2 + 0 = 0. Let t be ((-3)/2)/((-6)/656*k). Suppose 104 + t = 3*g. What is the units digit of g?
2
Suppose -2*p = -4*i - 20, 10*p - 2*i - 14 = 7*p. Suppose 4*f - p*w - 1570 = 0, -w - 1619 = -4*f - 54. What is the tens digit of f?
9
Let k(n) = n**3 + 4*n**2 + 3*n + 3. Let a be k(-2). Suppose -t + 5*v = -203, 2*t + a*v - 466 = -0*v. Let g = t + -133. What is the units digit of g?
0
Let w = -27 + 34. Suppose -5*r = -3*z + 3, -5*z - 2 + w = -4*r. What is the tens digit of (r + (-102)/2)/((-18)/18)?
5
Let d be (9 - 9) + 0 + 2. Suppose -c - 113 = -4*y, 0 = -4*y + d*c + 3*c + 117. Let r = y - 24. What is the units digit of r?
4
Suppose 0 = 3*j - 9 - 0. Let m(k) = -k - 1. Let w(z) = -9*z**2 + 4*z + 15. Let t(r) = -4*m(r) - w(r). What is the tens digit of t(j)?
7
Suppose 2*q - 45 = 45. Let c = q + -40. Suppose -5*k - 43 = 4*a - 305, 0 = -c*k + 3*a + 276. What is the units digit of k?
4
Let v(b) = b**3 + 24*b - 25. Let k be v(9). Suppose 5*d - k = 1515. What is the units digit of d?
7
Let g be (40/(-6))/(-5)*(6 + 117). Suppose -13*s = -9*s - g. Let r = 59 - s. What is the units digit of r?
8
Let h(j) = 136*j + 35. Suppose 181*z - 175*z - 36 = 0. What is the hundreds digit of h(z)?
8
Let u(n) = 2*n**3 + 41*n**2 + 19*n + 18. What is the units digit of u(-16)?
8
Let x(j) = j**3 + 10*j**2 + 5*j + 36. Let o be x(-10). Let r = o - -351. What is the tens digit of r?
3
Suppose 0 = 4*k - 4*o - 158960, 23651 - 103104 = -2*k - o. What is the tens digit of k?
3
Suppose 2*w = -4*p + 22636, 4848 = 3*p - 5*w - 12155. What is the thousands digit of p?
5
Suppose 9766 = -98*t + 31979 + 141839. What is the thousands digit of t?
1
Let n = -4112 + 5457. What is the thousands digit of n?
1
What is the hundreds digit of 3/(-10)*2 + (-196458)/(-5) - 3?
2
Suppose -94*k - 26*k + 622800 = 0. What is the thousands digit of k?
5
Let w be (-2)/11 + 1041141/253. Suppose w = 4*f + 5*a + 595, -a = -3*f + 2640. What is the tens digit of f?
8
Suppose -53*o + 45*o = -48. What is the hundreds digit of (-3)/o*-4 + (-6 - -344)?
3
Let l(z) = 6*z - 37. Let u be l(7). Let x be -9*(-1)/((-15)/u). What is the units digit of (x - 10/(-5))*-113?
3
Suppose -i - 330438 = 23*i - 1248366. What is the thousands digit of i?
8
Suppose -9559*i + 9576*i - 241604 = 0. What is the ten thousands digit of i?
1
Let i = -11421 + 6761. What is the tens digit of (-3)/(-1)*(i/15)/(-4)?
3
Suppose 3*s - 2654 = -k, -3*s + 1864 = 2*k - 3435. Suppose -19*z + k = -14*z. What is the tens digit of z?
2
Let r(n) = -50*n**3 - n**2 - n. Let t be r(-1). Let a = t - 45. What is the hundreds digit of -3 + a - -2 - -164?
1
What is the hundreds digit of (((-414)/(-12))/(-23))/((-6)/123476)?
8
Let t(m) = 141*m - 7. Let x be t(1). Suppose -811 - x = -21*o. What is the units digit of o?
5
What is the hundreds digit of ((1 + -4)*-6)/(4/158)?
7
Let d = 15661 + 2097. What is the units digit of d?
8
Suppose -10*n + 161 = -179. What is the units digit of 3640/17 + 8 + (-4)/n?
2
Let s(p) = -p**2 + 20*p - 70. Let m be s(5). Suppose -2*h - 2*h - 56 = -5*b, -m*b + 58 = -2*h. What is the tens digit of b?
1
Let d = -3684 - -8558. What is the thousands digit of d?
4
Let c = 20778 - 11122. What is the thousands digit of c?
9
Suppose 0 = -u - u + 6082. Let i = -1945 + u. What is the thousands digit of i?
1
Let u = 2633 - 2196. What is the hundreds digit of u?
4
Let m(d) = d**2 + 11*d + 18. Let k = 37 - 45. Let i be m(k). What is the units digit of